 by 3?
2
What is the remainder when 27213 is divided by 6796?
29
What is the remainder when 1587 is divided by 15?
12
What is the remainder when 24678 is divided by 6165?
18
Calculate the remainder when 2457 is divided by 128.
25
Calculate the remainder when 1566 is divided by 1359.
207
Calculate the remainder when 70125 is divided by 35050.
25
Calculate the remainder when 27894 is divided by 14.
6
Calculate the remainder when 10541465 is divided by 741.
740
Calculate the remainder when 11852 is divided by 122.
18
Calculate the remainder when 317 is divided by 231.
86
Calculate the remainder when 500 is divided by 11.
5
Calculate the remainder when 1472589 is divided by 6.
3
What is the remainder when 2458 is divided by 113?
85
What is the remainder when 9517 is divided by 731?
14
Calculate the remainder when 27300 is divided by 18.
12
Calculate the remainder when 2240 is divided by 93.
8
Calculate the remainder when 279782 is divided by 20.
2
Calculate the remainder when 134245 is divided by 46.
17
Calculate the remainder when 845 is divided by 107.
96
Calculate the remainder when 145634 is divided by 167.
10
What is the remainder when 2050143 is divided by 11?
7
Calculate the remainder when 4655 is divided by 274.
271
What is the remainder when 1125859 is divided by 127?
4
What is the remainder when 19082 is divided by 19056?
26
Calculate the remainder when 173410 is divided by 260.
250
Calculate the remainder when 17315 is divided by 148.
147
What is the remainder when 218203 is divided by 9487?
2
What is the remainder when 10259 is divided by 38?
37
Calculate the remainder when 265727 is divided by 2657.
27
What is the remainder when 13704 is divided by 41?
10
What is the remainder when 1005 is divided by 992?
13
What is the remainder when 1066685 is divided by 28?
25
Calculate the remainder when 6546 is divided by 727.
3
Calculate the remainder when 1395 is divided by 277.
10
What is the remainder when 708 is divided by 95?
43
What is the remainder when 3104 is divided by 1883?
1221
Calculate the remainder when 9262 is divided by 274.
220
What is the remainder when 17209 is divided by 474?
145
What is the remainder when 531409 is divided by 110?
109
What is the remainder when 1216 is divided by 271?
132
Calculate the remainder when 2112 is divided by 452.
304
What is the remainder when 19655 is divided by 9817?
21
Calculate the remainder when 4122 is divided by 133.
132
What is the remainder when 29777 is divided by 4955?
47
What is the remainder when 32819 is divided by 1311?
44
What is the remainder when 115805 is divided by 965?
5
What is the remainder when 397030 is divided by 118?
78
Calculate the remainder when 3285 is divided by 206.
195
What is the remainder when 670318 is divided by 228?
226
What is the remainder when 62432 is divided by 451?
194
Calculate the remainder when 96332 is divided by 23.
8
Calculate the remainder when 353972 is divided by 58.
56
What is the remainder when 9466 is divided by 1578?
1576
What is the remainder when 5950550 is divided by 133?
130
What is the remainder when 48789 is divided by 19?
16
Calculate the remainder when 838891 is divided by 19.
3
Calculate the remainder when 21350 is divided by 5335.
10
Calculate the remainder when 7618 is divided by 586.
0
What is the remainder when 11204 is divided by 861?
11
Calculate the remainder when 10936 is divided by 168.
16
Calculate the remainder when 16033 is divided by 41.
2
Calculate the remainder when 258442 is divided by 292.
22
Calculate the remainder when 6629 is divided by 102.
101
What is the remainder when 3246 is divided by 142?
122
Calculate the remainder when 7685 is divided by 366.
365
Calculate the remainder when 12384 is divided by 15.
9
Calculate the remainder when 1689 is divided by 160.
89
What is the remainder when 18069 is divided by 174?
147
Calculate the remainder when 5621 is divided by 1397.
33
Calculate the remainder when 1127081 is divided by 66.
65
What is the remainder when 7283 is divided by 21?
17
What is the remainder when 12389 is divided by 15?
14
What is the remainder when 55865 is divided by 32?
25
Calculate the remainder when 15809 is divided by 5230.
119
Calculate the remainder when 4810 is divided by 1428.
526
Calculate the remainder when 6544 is divided by 1113.
979
Calculate the remainder when 13614 is divided by 1701.
6
Calculate the remainder when 939 is divided by 251.
186
What is the remainder when 89266 is divided by 360?
346
What is the remainder when 30589 is divided by 437?
436
Calculate the remainder when 24809 is divided by 124.
9
Calculate the remainder when 110170 is divided by 17.
10
What is the remainder when 9424483 is divided by 189?
187
Calculate the remainder when 23858 is divided by 23855.
3
Calculate the remainder when 4934 is divided by 233.
41
What is the remainder when 37883 is divided by 126?
83
What is the remainder when 15997 is divided by 320?
317
What is the remainder when 38192 is divided by 4232?
104
What is the remainder when 15452 is divided by 3711?
608
What is the remainder when 615958 is divided by 236?
234
What is the remainder when 1845 is divided by 34?
9
Calculate the remainder when 122150 is divided by 122145.
5
Calculate the remainder when 16150 is divided by 4033.
18
What is the remainder when 27100 is divided by 253?
29
What is the remainder when 21743 is divided by 5395?
163
Calculate the remainder when 692 is divided by 226.
14
What is the remainder when 2402 is divided by 56?
50
What is the remainder when 27538 is divided by 152?
26
Calculate the remainder when 5004 is divided by 213.
105
What is the remainder when 42114 is divided by 2216?
10
Calculate the remainder when 880740 is divided by 34.
4
What is the remainder when 10659 is divided by 2128?
19
What is the remainder when 5548 is divided by 32?
12
Calculate the remainder when 39000 is divided by 83.
73
Calculate the remainder when 119186 is divided by 29786.
42
What is the remainder when 1559 is divided by 453?
200
What is the remainder when 17149 is divided by 1707?
79
Calculate the remainder when 3128 is divided by 583.
213
What is the remainder when 272624 is divided by 337?
328
Calculate the remainder when 2944 is divided by 119.
88
Calculate the remainder when 16080 is divided by 209.
196
What is the remainder when 4711 is divided by 71?
25
What is the remainder when 83451 is divided by 917?
4
Calculate the remainder when 224455 is divided by 69.
67
Calculate the remainder when 19860 is divided by 969.
480
What is the remainder when 69954 is divided by 27?
24
What is the remainder when 15043 is divided by 97?
8
What is the remainder when 34950 is divided by 463?
225
Calculate the remainder when 8305 is divided by 146.
129
What is the remainder when 26779 is divided by 241?
28
Calculate the remainder when 32677 is divided by 40.
37
What is the remainder when 189207 is divided by 30?
27
Calculate the remainder when 4594 is divided by 958.
762
Calculate the remainder when 33523 is divided by 780.
763
Calculate the remainder when 12111 is divided by 555.
456
What is the remainder when 2606 is divided by 636?
62
What is the remainder when 4046572 is divided by 497?
495
Calculate the remainder when 496173 is divided by 166.
165
What is the remainder when 36872 is divided by 193?
9
Calculate the remainder when 64406 is divided by 5854.
12
Calculate the remainder when 5192 is divided by 2568.
56
Calculate the remainder when 20434 is divided by 3.
1
Calculate the remainder when 4578 is divided by 253.
24
What is the remainder when 7470 is divided by 1245?
0
What is the remainder when 7646 is divided by 7643?
3
What is the remainder when 4437 is divided by 45?
27
What is the remainder when 2409 is divided by 822?
765
What is the remainder when 1950 is divided by 394?
374
What is the remainder when 1133 is divided by 212?
73
Calculate the remainder when 4431 is divided by 224.
175
What is the remainder when 1026 is divided by 321?
63
Calculate the remainder when 14360 is divided by 120.
80
What is the remainder when 21645 is divided by 10726?
193
What is the remainder when 2120 is divided by 222?
122
What is the remainder when 115274 is divided by 3493?
5
Calculate the remainder when 41045 is divided by 28.
25
Ca